List the prime factors of 344.
2, 43
What are the prime factors of 18967?
13, 1459
What are the prime factors of 8383?
83, 101
What are the prime factors of 1682?
2, 29
What are the prime factors of 130556?
2, 127, 257
What are the prime factors of 13351?
13, 79
List the prime factors of 9708.
2, 3, 809
What are the prime factors of 170252?
2, 31, 1373
List the prime factors of 37733.
97, 389
List the prime factors of 7584.
2, 3, 79
List the prime factors of 957.
3, 11, 29
What are the prime factors of 168501?
3, 56167
What are the prime factors of 2750?
2, 5, 11
List the prime factors of 12518.
2, 11, 569
List the prime factors of 6132.
2, 3, 7, 73
List the prime factors of 3061.
3061
List the prime factors of 8322.
2, 3, 19, 73
What are the prime factors of 16644?
2, 3, 19, 73
What are the prime factors of 6822?
2, 3, 379
What are the prime factors of 7627?
29, 263
What are the prime factors of 1315?
5, 263
List the prime factors of 8227.
19, 433
List the prime factors of 35010.
2, 3, 5, 389
What are the prime factors of 69210?
2, 3, 5, 769
What are the prime factors of 20519?
17, 71
List the prime factors of 9243.
3, 13, 79
List the prime factors of 7730.
2, 5, 773
List the prime factors of 40056.
2, 3, 1669
List the prime factors of 2955.
3, 5, 197
List the prime factors of 5356.
2, 13, 103
List the prime factors of 1588.
2, 397
What are the prime factors of 18981?
3, 19, 37
What are the prime factors of 587?
587
What are the prime factors of 15122?
2, 7561
What are the prime factors of 1226?
2, 613
List the prime factors of 1204.
2, 7, 43
What are the prime factors of 4174?
2, 2087
List the prime factors of 43818.
2, 3, 67, 109
What are the prime factors of 5307?
3, 29, 61
List the prime factors of 754.
2, 13, 29
What are the prime factors of 14010?
2, 3, 5, 467
What are the prime factors of 3155?
5, 631
List the prime factors of 96309.
3, 29, 41
List the prime factors of 317.
317
What are the prime factors of 792?
2, 3, 11
What are the prime factors of 42232?
2, 5279
What are the prime factors of 960?
2, 3, 5
List the prime factors of 791.
7, 113
List the prime factors of 59874.
2, 3, 17, 587
List the prime factors of 3401.
19, 179
What are the prime factors of 159?
3, 53
What are the prime factors of 13821?
3, 17, 271
List the prime factors of 35329.
7, 103
List the prime factors of 4.
2
What are the prime factors of 934?
2, 467
What are the prime factors of 25426?
2, 12713
List the prime factors of 14817.
3, 11, 449
List the prime factors of 119671.
119671
List the prime factors of 62184.
2, 3, 2591
What are the prime factors of 19742?
2, 9871
What are the prime factors of 11120?
2, 5, 139
What are the prime factors of 789?
3, 263
What are the prime factors of 25742?
2, 61, 211
List the prime factors of 11504.
2, 719
What are the prime factors of 6157?
47, 131
What are the prime factors of 975?
3, 5, 13
List the prime factors of 80688.
2, 3, 41
What are the prime factors of 803?
11, 73
List the prime factors of 21172.
2, 67, 79
What are the prime factors of 181320?
2, 3, 5, 1511
List the prime factors of 1027.
13, 79
What are the prime factors of 2829?
3, 23, 41
List the prime factors of 1603.
7, 229
What are the prime factors of 18629?
13, 1433
List the prime factors of 37756.
2, 9439
List the prime factors of 3282.
2, 3, 547
What are the prime factors of 6019?
13, 463
List the prime factors of 89542.
2, 44771
List the prime factors of 54314.
2, 13, 2089
What are the prime factors of 3704?
2, 463
What are the prime factors of 2493?
3, 277
List the prime factors of 3351.
3, 1117
What are the prime factors of 1321?
1321
What are the prime factors of 51929?
51929
List the prime factors of 944.
2, 59
What are the prime factors of 139165?
5, 13, 2141
What are the prime factors of 4850?
2, 5, 97
List the prime factors of 5780.
2, 5, 17
List the prime factors of 54603.
3, 6067
List the prime factors of 2407.
29, 83
List the prime factors of 2844.
2, 3, 79
What are the prime factors of 22958?
2, 13, 883
List the prime factors of 16953.
3, 5651
What are the prime factors of 47689?
103, 463
What are the prime factors of 800?
2, 5
What are the prime factors of 917?
7, 131
List the prime factors of 7443.
3, 827
List the prime factors of 1280.
2, 5
What are the prime factors of 36613?
19, 41, 47
What are the prime factors of 38757?
3, 12919
What are the prime factors of 1794?
2, 3, 13, 23
List the prime factors of 36119.
19, 1901
List the prime factors of 10959.
3, 13, 281
What are the prime factors of 3313?
3313
List the prime factors of 20836.
2, 5209
What are the prime factors of 23990?
2, 5, 2399
List the prime factors of 56135.
5, 103, 109
What are the prime factors of 1063?
1063
What are the prime factors of 45434?
2, 22717
What are the prime factors of 106740?
2, 3, 5, 593
List the prime factors of 363.
3, 11
What are the prime factors of 7402?
2, 3701
What are the prime factors of 21336?
2, 3, 7, 127
List the prime factors of 2009.
7, 41
What are the prime factors of 5170?
2, 5, 11, 47
List the prime factors of 1672.
2, 11, 19
List the prime factors of 1349.
19, 71
List the prime factors of 4709.
17, 277
List the prime factors of 87040.
2, 5, 17
List the prime factors of 7641.
3, 283
List the prime factors of 2137.
2137
What are the prime factors of 9391?
9391
List the prime factors of 10734.
2, 3, 1789
What are the prime factors of 536?
2, 67
List the prime factors of 156.
2, 3, 13
List the prime factors of 23328.
2, 3
What are the prime factors of 39911?
107, 373
List the prime factors of 1637.
1637
List the prime factors of 20410.
2, 5, 13, 157
What are the prime factors of 61205?
5, 12241
What are the prime factors of 15219?
3, 19, 89
What are the prime factors of 11392?
2, 89
List the prime factors of 25607.
29, 883
List the prime factors of 928.
2, 29
List the prime factors of 7047.
3, 29
What are the prime factors of 3781?
19, 199
List the prime factors of 7813.
13, 601
List the prime factors of 805.
5, 7, 23
What are the prime factors of 22257?
3, 2473
What are the prime factors of 29189?
17, 101
List the prime factors of 860.
2, 5, 43
List the prime factors of 1337.
7, 191
What are the prime factors of 104494?
2, 13, 4019
List the prime factors of 970.
2, 5, 97
What are the prime factors of 28851?
3, 59, 163
List the prime factors of 5955.
3, 5, 397
List the prime factors of 62204.
2, 15551
List the prime factors of 1707.
3, 569
What are the prime factors of 121105?
5, 53, 457
List the prime factors of 32227.
13, 37, 67
What are the prime factors of 605?
5, 11
List the prime factors of 10976.
2, 7
What are the prime factors of 4839?
3, 1613
What are the prime factors of 1133?
11, 103
List the prime factors of 37910.
2, 5, 17, 223
What are the prime factors of 4388?
2, 1097
What are the prime factors of 3185?
5, 7, 13
What are the prime factors of 37309?
37309
List the prime factors of 1355.
5, 271
List the prime factors of 25507.
23, 1109
What are the prime factors of 2572?
2, 643
List the prime factors of 375.
3, 5
What are the prime factors of 6610?
2, 5, 661
What are the prime factors of 4468?
2, 1117
List the prime factors of 4244.
2, 1061
What are the prime factors of 83586?
2, 3, 13931
List the prime factors of 819.
3, 7, 13
What are the prime factors of 12311?
13, 947
What are the prime factors of 1196?
2, 13, 23
What are the prime factors of 25390?
2, 5, 2539
List the prime factors of 10355.
5, 19, 109
List the prime factors of 715.
5, 11, 13
What are the prime factors of 22842?
2, 3, 47
List the prime factors of 780.
2, 3, 5, 13
What are the prime factors of 895?
5, 179
List the prime factors of 7968.
2, 3, 83
What are the prime factors of 2847?
3, 13, 73
List the prime factors of 1849.
43
List the prime factors of 132026.
2, 251, 263
List the prime factors of 24004.
2, 17, 353
What are the prime factors of 713?
23, 31
List the prime factors of 764.
2, 191
What are the prime factors of 76158?
2, 3, 4231
List the prime factors of 169642.
2, 11, 701
List the prime factors of 7617.
3, 2539
What are the prime factors of 2735?
5, 547
What are the prime factors of 647?
647
What are the prime factors of 21030?
2, 3, 5, 701
List the prime factors of 150.
2, 3, 5
List the prime factors of 28287.
3, 7, 449
List the prime facto